{"id":170,"date":"2022-06-27T08:43:11","date_gmt":"2022-06-27T08:43:11","guid":{"rendered":"https:\/\/www.boostetonimage.fr\/?page_id=170"},"modified":"2023-07-18T08:23:33","modified_gmt":"2023-07-18T08:23:33","slug":"politique-de-confidentialite-230622","status":"publish","type":"page","link":"https:\/\/www.boostetonimage.fr\/index.php\/politique-de-confidentialite-230622\/","title":{"rendered":"Politique de confidentialit\u00e9"},"content":{"rendered":"\n<h2 class=\"wp-block-heading\"><\/h2>\n\n\n\n<p><strong>La soci\u00e9t\u00e9 Booste ton image est une micro-entreprise, immatricul\u00e9e \u00e0 l\u2019URSSAF de Rennes avec lancement de son activit\u00e9 au 01\/07\/2022. <\/strong>Son si\u00e8ge social est situ\u00e9 \u00e0 Rennes.<\/p>\n\n\n\n<p>Pour toute question ou demande, vous pouvez joindre la dirigeante, Mme. Magand Lucile, par<\/p>\n\n\n\n<p>t\u00e9l\u00e9phone au 07.68.10.21.95 ou par mail&nbsp;: contact@boostetonimage.fr<\/p>\n\n\n\n<p>Le client est inform\u00e9 que le traitement de ses donn\u00e9es personnelles est n\u00e9cessaire \u00e0 la fourniture des services de Booste ton image. Le traitement de ces donn\u00e9es personnelles est r\u00e9alis\u00e9 conform\u00e9ment aux dispositions de la loi informatique et libert\u00e9 n\u00b0 78-17 du 6 janvier 1978 dans sa version en vigueur et au RGPD (R\u00e9glementation G\u00e9n\u00e9rale de Protection des Donn\u00e9es).<\/p>\n\n\n\n<p>Booste ton image et son client s\u2019engagent \u00e0 ne pas divulguer, diffuser ou communiquer les informations, les documents de quelque nature que ce soit et sur tous supports transmis ou \u00e9chang\u00e9s \u00e0 l\u2019occasion de la n\u00e9gociation, de la conclusion ou de l\u2019ex\u00e9cution du pr\u00e9sent contrat.<\/p>\n\n\n\n<p>Naviguer sur le site de Booste ton image, c&rsquo;est prendre conscience des cookies collect\u00e9s comme tout autre site. C&rsquo;est lors du remplissage du formulaire de contacts, accepter que vos donn\u00e9es comme votre nom, votre mail, votre message soient collect\u00e9s par Booste ton image. Ces donn\u00e9es collect\u00e9es seront conserv\u00e9es le temps de la prestation de services.<\/p>\n\n\n\n<p>Lorsque vous laissez un commentaire, sachez que celui-ci et ces m\u00e9tadonn\u00e9es sont conserv\u00e9s ind\u00e9finiment.<\/p>\n\n\n\n<p>Le client n\u2019a aucune obligation de laisser un commentaire comme de fournir \u00e0 Booste ton image les donn\u00e9es personnelles qui lui sont demand\u00e9es. Cependant, certaines de ces donn\u00e9es peuvent \u00eatre requises pour acc\u00e9der \u00e0 certains services. Ainsi, si le client d\u00e9cide de ne pas fournir ces donn\u00e9es, il est possible que celui-ci n\u2019ait pas acc\u00e8s \u00e0 certains de ces services ou que ces services lui soient rendus de mani\u00e8re incompl\u00e8te.<\/p>\n\n\n\n<p>Conform\u00e9ment \u00e0 l\u2019article 13 du RGPD, le client ayant transmis des donn\u00e9es personnelles \u00e0 Booste ton image dispose d\u2019un droit d\u2019acc\u00e8s, de rectification, de modification et de suppression des donn\u00e9es qui le concerne. Le client peut exercer ce droit en \u00e9crivant par mail \u00e0 contact@boostetonimage.fr ou par courrier au si\u00e8ge social de Booste ton image, 91 rue Michel G\u00e9rard, 35200 Rennes, sous r\u00e9serve d\u2019avoir justifi\u00e9 de son identit\u00e9 en joignant \u00e0 sa demande une copie de sa pi\u00e8ce d\u2019identit\u00e9 en cours de validit\u00e9 et en utilisant son adresse de courrier \u00e9lectronique renseign\u00e9e lors de sa souscription aux services de Booste ton image.<\/p>\n","protected":false},"excerpt":{"rendered":"<p>La soci\u00e9t\u00e9 Booste ton image est une micro-entreprise, immatricul\u00e9e \u00e0 l\u2019URSSAF de Rennes avec lancement de son activit\u00e9 au 01\/07\/2022. Son si\u00e8ge social est situ\u00e9 \u00e0 Rennes. Pour toute question ou demande, vous pouvez joindre la dirigeante, Mme. Magand Lucile, par t\u00e9l\u00e9phone au 07.68.10.21.95 ou par mail&nbsp;: contact@boostetonimage.fr Le client est inform\u00e9 que le traitement [&hellip;]<\/p>\n","protected":false},"author":1,"featured_media":0,"parent":0,"menu_order":0,"comment_status":"closed","ping_status":"closed","template":"templates\/page-builder-template.php","meta":{"footnotes":""},"class_list":["post-170","page","type-page","status-publish","hentry"],"yoast_head":"<!-- This site is optimized with the Yoast SEO plugin v27.6 - https:\/\/yoast.com\/product\/yoast-seo-wordpress\/ -->\n<title>Politique-de-confidentialit\u00e9-de-Motiv&#039;<\/title>\n<meta name=\"robots\" content=\"index, follow, max-snippet:-1, max-image-preview:large, max-video-preview:-1\" \/>\n<link rel=\"canonical\" href=\"https:\/\/www.boostetonimage.fr\/index.php\/politique-de-confidentialite-230622\/\" \/>\n<meta property=\"og:locale\" content=\"fr_FR\" \/>\n<meta property=\"og:type\" content=\"article\" \/>\n<meta property=\"og:title\" content=\"Politique-de-confidentialit\u00e9-de-Motiv&#039;\" \/>\n<meta property=\"og:description\" content=\"La soci\u00e9t\u00e9 Booste ton image est une micro-entreprise, immatricul\u00e9e \u00e0 l\u2019URSSAF de Rennes avec lancement de son activit\u00e9 au 01\/07\/2022. Son si\u00e8ge social est situ\u00e9 \u00e0 Rennes. Pour toute question ou demande, vous pouvez joindre la dirigeante, Mme. Magand Lucile, par t\u00e9l\u00e9phone au 07.68.10.21.95 ou par mail&nbsp;: contact@boostetonimage.fr Le client est inform\u00e9 que le traitement [&hellip;]\" \/>\n<meta property=\"og:url\" content=\"https:\/\/www.boostetonimage.fr\/index.php\/politique-de-confidentialite-230622\/\" \/>\n<meta property=\"og:site_name\" content=\"Booste ton image\" \/>\n<meta property=\"article:modified_time\" content=\"2023-07-18T08:23:33+00:00\" \/>\n<meta name=\"twitter:card\" content=\"summary_large_image\" \/>\n<meta name=\"twitter:label1\" content=\"Dur\u00e9e de lecture estim\u00e9e\" \/>\n\t<meta name=\"twitter:data1\" content=\"3 minutes\" \/>\n<script type=\"application\/ld+json\" class=\"yoast-schema-graph\">{\"@context\":\"https:\\\/\\\/schema.org\",\"@graph\":[{\"@type\":\"WebPage\",\"@id\":\"https:\\\/\\\/www.boostetonimage.fr\\\/index.php\\\/politique-de-confidentialite-230622\\\/\",\"url\":\"https:\\\/\\\/www.boostetonimage.fr\\\/index.php\\\/politique-de-confidentialite-230622\\\/\",\"name\":\"Politique-de-confidentialit\u00e9-de-Motiv'\",\"isPartOf\":{\"@id\":\"https:\\\/\\\/www.boostetonimage.fr\\\/#website\"},\"datePublished\":\"2022-06-27T08:43:11+00:00\",\"dateModified\":\"2023-07-18T08:23:33+00:00\",\"breadcrumb\":{\"@id\":\"https:\\\/\\\/www.boostetonimage.fr\\\/index.php\\\/politique-de-confidentialite-230622\\\/#breadcrumb\"},\"inLanguage\":\"fr-FR\",\"potentialAction\":[{\"@type\":\"ReadAction\",\"target\":[\"https:\\\/\\\/www.boostetonimage.fr\\\/index.php\\\/politique-de-confidentialite-230622\\\/\"]}]},{\"@type\":\"BreadcrumbList\",\"@id\":\"https:\\\/\\\/www.boostetonimage.fr\\\/index.php\\\/politique-de-confidentialite-230622\\\/#breadcrumb\",\"itemListElement\":[{\"@type\":\"ListItem\",\"position\":1,\"name\":\"Accueil\",\"item\":\"https:\\\/\\\/www.boostetonimage.fr\\\/\"},{\"@type\":\"ListItem\",\"position\":2,\"name\":\"Politique de confidentialit\u00e9\"}]},{\"@type\":\"WebSite\",\"@id\":\"https:\\\/\\\/www.boostetonimage.fr\\\/#website\",\"url\":\"https:\\\/\\\/www.boostetonimage.fr\\\/\",\"name\":\"Booste ton image\",\"description\":\"Pour une nouvelle posture professionnelle comme personnelle, en avant avec Booste ton image !\",\"publisher\":{\"@id\":\"https:\\\/\\\/www.boostetonimage.fr\\\/#organization\"},\"potentialAction\":[{\"@type\":\"SearchAction\",\"target\":{\"@type\":\"EntryPoint\",\"urlTemplate\":\"https:\\\/\\\/www.boostetonimage.fr\\\/?s={search_term_string}\"},\"query-input\":{\"@type\":\"PropertyValueSpecification\",\"valueRequired\":true,\"valueName\":\"search_term_string\"}}],\"inLanguage\":\"fr-FR\"},{\"@type\":\"Organization\",\"@id\":\"https:\\\/\\\/www.boostetonimage.fr\\\/#organization\",\"name\":\"Booste ton image\",\"url\":\"https:\\\/\\\/www.boostetonimage.fr\\\/\",\"logo\":{\"@type\":\"ImageObject\",\"inLanguage\":\"fr-FR\",\"@id\":\"https:\\\/\\\/www.boostetonimage.fr\\\/#\\\/schema\\\/logo\\\/image\\\/\",\"url\":\"https:\\\/\\\/www.boostetonimage.fr\\\/wp-content\\\/uploads\\\/2023\\\/07\\\/cropped-logo-web-transparent.png\",\"contentUrl\":\"https:\\\/\\\/www.boostetonimage.fr\\\/wp-content\\\/uploads\\\/2023\\\/07\\\/cropped-logo-web-transparent.png\",\"width\":500,\"height\":251,\"caption\":\"Booste ton image\"},\"image\":{\"@id\":\"https:\\\/\\\/www.boostetonimage.fr\\\/#\\\/schema\\\/logo\\\/image\\\/\"},\"sameAs\":[\"https:\\\/\\\/www.instagram.com\\\/lm_motiv\\\/\"]}]}<\/script>\n<!-- \/ Yoast SEO plugin. -->","yoast_head_json":{"title":"Politique-de-confidentialit\u00e9-de-Motiv'","robots":{"index":"index","follow":"follow","max-snippet":"max-snippet:-1","max-image-preview":"max-image-preview:large","max-video-preview":"max-video-preview:-1"},"canonical":"https:\/\/www.boostetonimage.fr\/index.php\/politique-de-confidentialite-230622\/","og_locale":"fr_FR","og_type":"article","og_title":"Politique-de-confidentialit\u00e9-de-Motiv'","og_description":"La soci\u00e9t\u00e9 Booste ton image est une micro-entreprise, immatricul\u00e9e \u00e0 l\u2019URSSAF de Rennes avec lancement de son activit\u00e9 au 01\/07\/2022. Son si\u00e8ge social est situ\u00e9 \u00e0 Rennes. Pour toute question ou demande, vous pouvez joindre la dirigeante, Mme. Magand Lucile, par t\u00e9l\u00e9phone au 07.68.10.21.95 ou par mail&nbsp;: contact@boostetonimage.fr Le client est inform\u00e9 que le traitement [&hellip;]","og_url":"https:\/\/www.boostetonimage.fr\/index.php\/politique-de-confidentialite-230622\/","og_site_name":"Booste ton image","article_modified_time":"2023-07-18T08:23:33+00:00","twitter_card":"summary_large_image","twitter_misc":{"Dur\u00e9e de lecture estim\u00e9e":"3 minutes"},"schema":{"@context":"https:\/\/schema.org","@graph":[{"@type":"WebPage","@id":"https:\/\/www.boostetonimage.fr\/index.php\/politique-de-confidentialite-230622\/","url":"https:\/\/www.boostetonimage.fr\/index.php\/politique-de-confidentialite-230622\/","name":"Politique-de-confidentialit\u00e9-de-Motiv'","isPartOf":{"@id":"https:\/\/www.boostetonimage.fr\/#website"},"datePublished":"2022-06-27T08:43:11+00:00","dateModified":"2023-07-18T08:23:33+00:00","breadcrumb":{"@id":"https:\/\/www.boostetonimage.fr\/index.php\/politique-de-confidentialite-230622\/#breadcrumb"},"inLanguage":"fr-FR","potentialAction":[{"@type":"ReadAction","target":["https:\/\/www.boostetonimage.fr\/index.php\/politique-de-confidentialite-230622\/"]}]},{"@type":"BreadcrumbList","@id":"https:\/\/www.boostetonimage.fr\/index.php\/politique-de-confidentialite-230622\/#breadcrumb","itemListElement":[{"@type":"ListItem","position":1,"name":"Accueil","item":"https:\/\/www.boostetonimage.fr\/"},{"@type":"ListItem","position":2,"name":"Politique de confidentialit\u00e9"}]},{"@type":"WebSite","@id":"https:\/\/www.boostetonimage.fr\/#website","url":"https:\/\/www.boostetonimage.fr\/","name":"Booste ton image","description":"Pour une nouvelle posture professionnelle comme personnelle, en avant avec Booste ton image !","publisher":{"@id":"https:\/\/www.boostetonimage.fr\/#organization"},"potentialAction":[{"@type":"SearchAction","target":{"@type":"EntryPoint","urlTemplate":"https:\/\/www.boostetonimage.fr\/?s={search_term_string}"},"query-input":{"@type":"PropertyValueSpecification","valueRequired":true,"valueName":"search_term_string"}}],"inLanguage":"fr-FR"},{"@type":"Organization","@id":"https:\/\/www.boostetonimage.fr\/#organization","name":"Booste ton image","url":"https:\/\/www.boostetonimage.fr\/","logo":{"@type":"ImageObject","inLanguage":"fr-FR","@id":"https:\/\/www.boostetonimage.fr\/#\/schema\/logo\/image\/","url":"https:\/\/www.boostetonimage.fr\/wp-content\/uploads\/2023\/07\/cropped-logo-web-transparent.png","contentUrl":"https:\/\/www.boostetonimage.fr\/wp-content\/uploads\/2023\/07\/cropped-logo-web-transparent.png","width":500,"height":251,"caption":"Booste ton image"},"image":{"@id":"https:\/\/www.boostetonimage.fr\/#\/schema\/logo\/image\/"},"sameAs":["https:\/\/www.instagram.com\/lm_motiv\/"]}]}},"_links":{"self":[{"href":"https:\/\/www.boostetonimage.fr\/index.php\/wp-json\/wp\/v2\/pages\/170","targetHints":{"allow":["GET"]}}],"collection":[{"href":"https:\/\/www.boostetonimage.fr\/index.php\/wp-json\/wp\/v2\/pages"}],"about":[{"href":"https:\/\/www.boostetonimage.fr\/index.php\/wp-json\/wp\/v2\/types\/page"}],"author":[{"embeddable":true,"href":"https:\/\/www.boostetonimage.fr\/index.php\/wp-json\/wp\/v2\/users\/1"}],"replies":[{"embeddable":true,"href":"https:\/\/www.boostetonimage.fr\/index.php\/wp-json\/wp\/v2\/comments?post=170"}],"version-history":[{"count":4,"href":"https:\/\/www.boostetonimage.fr\/index.php\/wp-json\/wp\/v2\/pages\/170\/revisions"}],"predecessor-version":[{"id":569,"href":"https:\/\/www.boostetonimage.fr\/index.php\/wp-json\/wp\/v2\/pages\/170\/revisions\/569"}],"wp:attachment":[{"href":"https:\/\/www.boostetonimage.fr\/index.php\/wp-json\/wp\/v2\/media?parent=170"}],"curies":[{"name":"wp","href":"https:\/\/api.w.org\/{rel}","templated":true}]}}