{"id":14,"date":"2022-06-27T08:43:11","date_gmt":"2022-06-27T08:43:11","guid":{"rendered":"https:\/\/www.boostetonimage.fr\/?page_id=14"},"modified":"2023-07-21T10:03:14","modified_gmt":"2023-07-21T10:03:14","slug":"qui-suis-je","status":"publish","type":"page","link":"https:\/\/www.boostetonimage.fr\/index.php\/qui-suis-je\/","title":{"rendered":"Qui est booste ton image ?"},"content":{"rendered":"\n<hr class=\"wp-block-separator has-css-opacity is-style-default\"\/>\n\n\n\n<figure class=\"wp-block-image aligncenter size-large is-resized is-style-rounded\"><img decoding=\"async\" src=\"https:\/\/www.boostetonimage.fr\/wp-content\/uploads\/2022\/06\/09062022-DSC_8173-3-1024x865.jpg\" alt=\"\" class=\"wp-image-237\" width=\"-1822\" height=\"-1539\" srcset=\"https:\/\/www.boostetonimage.fr\/wp-content\/uploads\/2022\/06\/09062022-DSC_8173-3-1024x865.jpg 1024w, https:\/\/www.boostetonimage.fr\/wp-content\/uploads\/2022\/06\/09062022-DSC_8173-3-300x253.jpg 300w, https:\/\/www.boostetonimage.fr\/wp-content\/uploads\/2022\/06\/09062022-DSC_8173-3-768x648.jpg 768w, https:\/\/www.boostetonimage.fr\/wp-content\/uploads\/2022\/06\/09062022-DSC_8173-3-1536x1297.jpg 1536w, https:\/\/www.boostetonimage.fr\/wp-content\/uploads\/2022\/06\/09062022-DSC_8173-3-2048x1729.jpg 2048w\" sizes=\"(max-width: 1024px) 100vw, 1024px\" \/><figcaption class=\"wp-element-caption\">cr\u00e9dit photo : Atelier Noir Noir &#8211; GLB<\/figcaption><\/figure>\n\n\n\n<blockquote class=\"wp-block-quote has-text-align-center is-style-large is-layout-flow wp-block-quote-is-layout-flow\">\n<p>\u00ab&nbsp;L&rsquo;\u00e9l\u00e9gance est la seule beaut\u00e9 qui ne se fane pas. <em>\u00bb<\/em> <\/p>\n<cite>\u2014 <em>Audrey Hepburn<\/em>.  <\/cite><\/blockquote>\n\n\n\n<hr class=\"wp-block-separator has-css-opacity is-style-default\"\/>\n\n\n\n<p>Bonjour et bienvenue \u00e0 toutes et tous, <\/p>\n\n\n\n<p>Je m&rsquo;appelle <strong>Lucile Magand<\/strong>. J&rsquo;exerce \u00e0 Rennes, en Bretagne. <\/p>\n\n\n\n<p>Certifi\u00e9e comme <strong>Technicienne de conseils en image<\/strong> par l&rsquo;organisme <a href=\"https:\/\/learnim.fr\/a-propos\/\">LEARNIM<\/a>-dirig\u00e9 par Ludivine Poli, je m&rsquo;engage \u00e0 vous accompagner en conseils en image &amp; posture professionnelle. <\/p>\n\n\n\n<p>Dynamique, cr\u00e9ative et organis\u00e9e, je mets mes comp\u00e9tences, \u00e0 votre service, pour vous apporter un regard ext\u00e9rieur sur votre envie d&rsquo;\u00eatre en harmonie avec vous-m\u00eame ! <\/p>\n\n\n\n<p>Sachant que chaque<strong> accompagnement<\/strong> est <strong>unique<\/strong>. Vous \u00eates acteur, actrice en vue d&rsquo;atteindre votre objectif &amp; <strong>je VOUS accompagne<\/strong>. <\/p>\n\n\n\n<p>Alors, \u00eates-vous pr\u00eates et pr\u00eats \u00e0 vous lancer pour travailler ensemble ? <a rel=\"noreferrer noopener\" href=\"https:\/\/www.boostetonimage.fr\/?page_id=16&amp;preview=true\" target=\"_blank\">Contactez moi ! <\/a><\/p>\n\n\n\n<p>En avant avec booste ton image! <\/p>\n\n\n\n<figure class=\"wp-block-image aligncenter size-large is-resized\"><img fetchpriority=\"high\" decoding=\"async\" src=\"https:\/\/www.boostetonimage.fr\/wp-content\/uploads\/2023\/07\/ressors_Lu_V190723-500x1024.png\" alt=\"\" class=\"wp-image-597\" width=\"269\" height=\"552\" srcset=\"https:\/\/www.boostetonimage.fr\/wp-content\/uploads\/2023\/07\/ressors_Lu_V190723-500x1024.png 500w, https:\/\/www.boostetonimage.fr\/wp-content\/uploads\/2023\/07\/ressors_Lu_V190723-768x1572.png 768w, https:\/\/www.boostetonimage.fr\/wp-content\/uploads\/2023\/07\/ressors_Lu_V190723-750x1536.png 750w, https:\/\/www.boostetonimage.fr\/wp-content\/uploads\/2023\/07\/ressors_Lu_V190723-1000x2048.png 1000w, https:\/\/www.boostetonimage.fr\/wp-content\/uploads\/2023\/07\/ressors_Lu_V190723.png 1139w\" sizes=\"(max-width: 269px) 100vw, 269px\" \/><\/figure>\n","protected":false},"excerpt":{"rendered":"<p>\u00ab&nbsp;L&rsquo;\u00e9l\u00e9gance est la seule beaut\u00e9 qui ne se fane pas. \u00bb \u2014 Audrey Hepburn. Bonjour et bienvenue \u00e0 toutes et tous, Je m&rsquo;appelle Lucile Magand. J&rsquo;exerce \u00e0 Rennes, en Bretagne. Certifi\u00e9e comme Technicienne de conseils en image par l&rsquo;organisme LEARNIM-dirig\u00e9 par Ludivine Poli, je m&rsquo;engage \u00e0 vous accompagner en conseils en image &amp; posture professionnelle. [&hellip;]<\/p>\n","protected":false},"author":1,"featured_media":0,"parent":0,"menu_order":0,"comment_status":"closed","ping_status":"closed","template":"templates\/page-builder-template.php","meta":{"footnotes":""},"class_list":["post-14","page","type-page","status-publish","hentry"],"yoast_head":"<!-- This site is optimized with the Yoast SEO plugin v27.6 - https:\/\/yoast.com\/product\/yoast-seo-wordpress\/ -->\n<title>Qui-est-Motiv&#039;<\/title>\n<meta name=\"robots\" content=\"index, follow, max-snippet:-1, max-image-preview:large, max-video-preview:-1\" \/>\n<link rel=\"canonical\" href=\"https:\/\/www.boostetonimage.fr\/index.php\/qui-suis-je\/\" \/>\n<meta property=\"og:locale\" content=\"fr_FR\" \/>\n<meta property=\"og:type\" content=\"article\" \/>\n<meta property=\"og:title\" content=\"Qui-est-Motiv&#039;\" \/>\n<meta property=\"og:description\" content=\"\u00ab&nbsp;L&rsquo;\u00e9l\u00e9gance est la seule beaut\u00e9 qui ne se fane pas. \u00bb \u2014 Audrey Hepburn. Bonjour et bienvenue \u00e0 toutes et tous, Je m&rsquo;appelle Lucile Magand. J&rsquo;exerce \u00e0 Rennes, en Bretagne. Certifi\u00e9e comme Technicienne de conseils en image par l&rsquo;organisme LEARNIM-dirig\u00e9 par Ludivine Poli, je m&rsquo;engage \u00e0 vous accompagner en conseils en image &amp; posture professionnelle. [&hellip;]\" \/>\n<meta property=\"og:url\" content=\"https:\/\/www.boostetonimage.fr\/index.php\/qui-suis-je\/\" \/>\n<meta property=\"og:site_name\" content=\"Booste ton image\" \/>\n<meta property=\"article:modified_time\" content=\"2023-07-21T10:03:14+00:00\" \/>\n<meta property=\"og:image\" content=\"https:\/\/www.boostetonimage.fr\/wp-content\/uploads\/2022\/06\/09062022-DSC_8173-3-1024x865.jpg\" \/>\n<meta name=\"twitter:card\" content=\"summary_large_image\" \/>\n<meta name=\"twitter:label1\" content=\"Dur\u00e9e de lecture estim\u00e9e\" \/>\n\t<meta name=\"twitter:data1\" content=\"1 minute\" \/>\n<script type=\"application\/ld+json\" class=\"yoast-schema-graph\">{\"@context\":\"https:\\\/\\\/schema.org\",\"@graph\":[{\"@type\":\"WebPage\",\"@id\":\"https:\\\/\\\/www.boostetonimage.fr\\\/index.php\\\/qui-suis-je\\\/\",\"url\":\"https:\\\/\\\/www.boostetonimage.fr\\\/index.php\\\/qui-suis-je\\\/\",\"name\":\"Qui-est-Motiv'\",\"isPartOf\":{\"@id\":\"https:\\\/\\\/www.boostetonimage.fr\\\/#website\"},\"primaryImageOfPage\":{\"@id\":\"https:\\\/\\\/www.boostetonimage.fr\\\/index.php\\\/qui-suis-je\\\/#primaryimage\"},\"image\":{\"@id\":\"https:\\\/\\\/www.boostetonimage.fr\\\/index.php\\\/qui-suis-je\\\/#primaryimage\"},\"thumbnailUrl\":\"https:\\\/\\\/www.boostetonimage.fr\\\/wp-content\\\/uploads\\\/2022\\\/06\\\/09062022-DSC_8173-3-1024x865.jpg\",\"datePublished\":\"2022-06-27T08:43:11+00:00\",\"dateModified\":\"2023-07-21T10:03:14+00:00\",\"breadcrumb\":{\"@id\":\"https:\\\/\\\/www.boostetonimage.fr\\\/index.php\\\/qui-suis-je\\\/#breadcrumb\"},\"inLanguage\":\"fr-FR\",\"potentialAction\":[{\"@type\":\"ReadAction\",\"target\":[\"https:\\\/\\\/www.boostetonimage.fr\\\/index.php\\\/qui-suis-je\\\/\"]}]},{\"@type\":\"ImageObject\",\"inLanguage\":\"fr-FR\",\"@id\":\"https:\\\/\\\/www.boostetonimage.fr\\\/index.php\\\/qui-suis-je\\\/#primaryimage\",\"url\":\"https:\\\/\\\/www.boostetonimage.fr\\\/wp-content\\\/uploads\\\/2022\\\/06\\\/09062022-DSC_8173-3-1024x865.jpg\",\"contentUrl\":\"https:\\\/\\\/www.boostetonimage.fr\\\/wp-content\\\/uploads\\\/2022\\\/06\\\/09062022-DSC_8173-3-1024x865.jpg\"},{\"@type\":\"BreadcrumbList\",\"@id\":\"https:\\\/\\\/www.boostetonimage.fr\\\/index.php\\\/qui-suis-je\\\/#breadcrumb\",\"itemListElement\":[{\"@type\":\"ListItem\",\"position\":1,\"name\":\"Accueil\",\"item\":\"https:\\\/\\\/www.boostetonimage.fr\\\/\"},{\"@type\":\"ListItem\",\"position\":2,\"name\":\"Qui est booste ton image ?\"}]},{\"@type\":\"WebSite\",\"@id\":\"https:\\\/\\\/www.boostetonimage.fr\\\/#website\",\"url\":\"https:\\\/\\\/www.boostetonimage.fr\\\/\",\"name\":\"Booste ton image\",\"description\":\"Pour une nouvelle posture professionnelle comme personnelle, en avant avec Booste ton image !\",\"publisher\":{\"@id\":\"https:\\\/\\\/www.boostetonimage.fr\\\/#organization\"},\"potentialAction\":[{\"@type\":\"SearchAction\",\"target\":{\"@type\":\"EntryPoint\",\"urlTemplate\":\"https:\\\/\\\/www.boostetonimage.fr\\\/?s={search_term_string}\"},\"query-input\":{\"@type\":\"PropertyValueSpecification\",\"valueRequired\":true,\"valueName\":\"search_term_string\"}}],\"inLanguage\":\"fr-FR\"},{\"@type\":\"Organization\",\"@id\":\"https:\\\/\\\/www.boostetonimage.fr\\\/#organization\",\"name\":\"Booste ton image\",\"url\":\"https:\\\/\\\/www.boostetonimage.fr\\\/\",\"logo\":{\"@type\":\"ImageObject\",\"inLanguage\":\"fr-FR\",\"@id\":\"https:\\\/\\\/www.boostetonimage.fr\\\/#\\\/schema\\\/logo\\\/image\\\/\",\"url\":\"https:\\\/\\\/www.boostetonimage.fr\\\/wp-content\\\/uploads\\\/2023\\\/07\\\/cropped-logo-web-transparent.png\",\"contentUrl\":\"https:\\\/\\\/www.boostetonimage.fr\\\/wp-content\\\/uploads\\\/2023\\\/07\\\/cropped-logo-web-transparent.png\",\"width\":500,\"height\":251,\"caption\":\"Booste ton image\"},\"image\":{\"@id\":\"https:\\\/\\\/www.boostetonimage.fr\\\/#\\\/schema\\\/logo\\\/image\\\/\"},\"sameAs\":[\"https:\\\/\\\/www.instagram.com\\\/lm_motiv\\\/\"]}]}<\/script>\n<!-- \/ Yoast SEO plugin. -->","yoast_head_json":{"title":"Qui-est-Motiv'","robots":{"index":"index","follow":"follow","max-snippet":"max-snippet:-1","max-image-preview":"max-image-preview:large","max-video-preview":"max-video-preview:-1"},"canonical":"https:\/\/www.boostetonimage.fr\/index.php\/qui-suis-je\/","og_locale":"fr_FR","og_type":"article","og_title":"Qui-est-Motiv'","og_description":"\u00ab&nbsp;L&rsquo;\u00e9l\u00e9gance est la seule beaut\u00e9 qui ne se fane pas. \u00bb \u2014 Audrey Hepburn. Bonjour et bienvenue \u00e0 toutes et tous, Je m&rsquo;appelle Lucile Magand. J&rsquo;exerce \u00e0 Rennes, en Bretagne. Certifi\u00e9e comme Technicienne de conseils en image par l&rsquo;organisme LEARNIM-dirig\u00e9 par Ludivine Poli, je m&rsquo;engage \u00e0 vous accompagner en conseils en image &amp; posture professionnelle. [&hellip;]","og_url":"https:\/\/www.boostetonimage.fr\/index.php\/qui-suis-je\/","og_site_name":"Booste ton image","article_modified_time":"2023-07-21T10:03:14+00:00","og_image":[{"url":"https:\/\/www.boostetonimage.fr\/wp-content\/uploads\/2022\/06\/09062022-DSC_8173-3-1024x865.jpg","type":"","width":"","height":""}],"twitter_card":"summary_large_image","twitter_misc":{"Dur\u00e9e de lecture estim\u00e9e":"1 minute"},"schema":{"@context":"https:\/\/schema.org","@graph":[{"@type":"WebPage","@id":"https:\/\/www.boostetonimage.fr\/index.php\/qui-suis-je\/","url":"https:\/\/www.boostetonimage.fr\/index.php\/qui-suis-je\/","name":"Qui-est-Motiv'","isPartOf":{"@id":"https:\/\/www.boostetonimage.fr\/#website"},"primaryImageOfPage":{"@id":"https:\/\/www.boostetonimage.fr\/index.php\/qui-suis-je\/#primaryimage"},"image":{"@id":"https:\/\/www.boostetonimage.fr\/index.php\/qui-suis-je\/#primaryimage"},"thumbnailUrl":"https:\/\/www.boostetonimage.fr\/wp-content\/uploads\/2022\/06\/09062022-DSC_8173-3-1024x865.jpg","datePublished":"2022-06-27T08:43:11+00:00","dateModified":"2023-07-21T10:03:14+00:00","breadcrumb":{"@id":"https:\/\/www.boostetonimage.fr\/index.php\/qui-suis-je\/#breadcrumb"},"inLanguage":"fr-FR","potentialAction":[{"@type":"ReadAction","target":["https:\/\/www.boostetonimage.fr\/index.php\/qui-suis-je\/"]}]},{"@type":"ImageObject","inLanguage":"fr-FR","@id":"https:\/\/www.boostetonimage.fr\/index.php\/qui-suis-je\/#primaryimage","url":"https:\/\/www.boostetonimage.fr\/wp-content\/uploads\/2022\/06\/09062022-DSC_8173-3-1024x865.jpg","contentUrl":"https:\/\/www.boostetonimage.fr\/wp-content\/uploads\/2022\/06\/09062022-DSC_8173-3-1024x865.jpg"},{"@type":"BreadcrumbList","@id":"https:\/\/www.boostetonimage.fr\/index.php\/qui-suis-je\/#breadcrumb","itemListElement":[{"@type":"ListItem","position":1,"name":"Accueil","item":"https:\/\/www.boostetonimage.fr\/"},{"@type":"ListItem","position":2,"name":"Qui est booste ton image ?"}]},{"@type":"WebSite","@id":"https:\/\/www.boostetonimage.fr\/#website","url":"https:\/\/www.boostetonimage.fr\/","name":"Booste ton image","description":"Pour une nouvelle posture professionnelle comme personnelle, en avant avec Booste ton image !","publisher":{"@id":"https:\/\/www.boostetonimage.fr\/#organization"},"potentialAction":[{"@type":"SearchAction","target":{"@type":"EntryPoint","urlTemplate":"https:\/\/www.boostetonimage.fr\/?s={search_term_string}"},"query-input":{"@type":"PropertyValueSpecification","valueRequired":true,"valueName":"search_term_string"}}],"inLanguage":"fr-FR"},{"@type":"Organization","@id":"https:\/\/www.boostetonimage.fr\/#organization","name":"Booste ton image","url":"https:\/\/www.boostetonimage.fr\/","logo":{"@type":"ImageObject","inLanguage":"fr-FR","@id":"https:\/\/www.boostetonimage.fr\/#\/schema\/logo\/image\/","url":"https:\/\/www.boostetonimage.fr\/wp-content\/uploads\/2023\/07\/cropped-logo-web-transparent.png","contentUrl":"https:\/\/www.boostetonimage.fr\/wp-content\/uploads\/2023\/07\/cropped-logo-web-transparent.png","width":500,"height":251,"caption":"Booste ton image"},"image":{"@id":"https:\/\/www.boostetonimage.fr\/#\/schema\/logo\/image\/"},"sameAs":["https:\/\/www.instagram.com\/lm_motiv\/"]}]}},"_links":{"self":[{"href":"https:\/\/www.boostetonimage.fr\/index.php\/wp-json\/wp\/v2\/pages\/14","targetHints":{"allow":["GET"]}}],"collection":[{"href":"https:\/\/www.boostetonimage.fr\/index.php\/wp-json\/wp\/v2\/pages"}],"about":[{"href":"https:\/\/www.boostetonimage.fr\/index.php\/wp-json\/wp\/v2\/types\/page"}],"author":[{"embeddable":true,"href":"https:\/\/www.boostetonimage.fr\/index.php\/wp-json\/wp\/v2\/users\/1"}],"replies":[{"embeddable":true,"href":"https:\/\/www.boostetonimage.fr\/index.php\/wp-json\/wp\/v2\/comments?post=14"}],"version-history":[{"count":32,"href":"https:\/\/www.boostetonimage.fr\/index.php\/wp-json\/wp\/v2\/pages\/14\/revisions"}],"predecessor-version":[{"id":622,"href":"https:\/\/www.boostetonimage.fr\/index.php\/wp-json\/wp\/v2\/pages\/14\/revisions\/622"}],"wp:attachment":[{"href":"https:\/\/www.boostetonimage.fr\/index.php\/wp-json\/wp\/v2\/media?parent=14"}],"curies":[{"name":"wp","href":"https:\/\/api.w.org\/{rel}","templated":true}]}}